5565. Calculate the highest common factor of 12 and i.
12
Let l be (16 - 1111/66) + (-761)/(-6). What is the greatest common divisor of 350 and l?
14
Let a(t) = -7*t**3 - 2*t**2 - t. Let s be ((-144)/(-42))/((-2)/56*2). Let n = 47 + s. Let z be a(n). What is the greatest common divisor of 66 and z?
6
Suppose -27 = -4*v + 13. Suppose 8*q + 22356 = 26*q. Let y = q - 1222. Calculate the greatest common factor of y and v.
10
Suppose 459*d - 3600 = -141*d. Calculate the greatest common factor of 1362 and d.
6
Suppose -27*d = -29*d. Suppose d = -5*i - 3*u + 2997, 6*i - 4*i - 1195 = -5*u. Suppose 4*q + 2*q = i. What is the highest common divisor of q and 40?
20
Let t = -10379 - -17903. Calculate the highest common divisor of 12 and t.
12
Let d(n) = -n**3 + 7*n**2 - 12*n + 12. Let l be d(5). Let z(i) = 2*i**2 + 4*i - 7. Let u be z(l). Calculate the greatest common divisor of u and 9.
9
Let u = -24706 - -24946. Suppose -539 = -3*f + 2*r - 3*r, -5*r + 715 = 4*f. What is the greatest common divisor of f and u?
60
Let h be -4*(-44)/32*2. Let a be (2 + h/(-3))/(1/(-9)). Suppose -a*r - 15 = -18*r. What is the greatest common factor of 5 and r?
5
Let z = -5744 - -6218. Calculate the highest common factor of z and 78.
6
Suppose 7*n + 5157 = 9*n - 5*b, -2585 = -n - 4*b. What is the highest common divisor of n and 178?
89
Let b(x) = -x - 38. Let y be b(-6). Suppose -5*c - 2*w = -178, -3*w - 40 = -c - 1. Let h = c + y. Calculate the highest common factor of 28 and h.
4
Suppose 0 = d + 3, 5*d = -2*t - 11 - 10. Let c be ((-66)/(-44))/(t/(-56)). What is the highest common divisor of c and 56?
28
Suppose 0 = -3*s - 4*c + 3604, -5*s + 6016 = -100*c + 102*c. Calculate the highest common divisor of s and 112.
28
Suppose y - 139 + 42 = -3*t, 4*y + 139 = 5*t. Let d be (-5 + 8 - 7)/((-2)/t). Calculate the highest common divisor of d and 155.
31
Let j = 46649 - 46539. Let v = 26 + 4. What is the highest common factor of j and v?
10
Let i = 492 - 489. Suppose k - 57 = -4*u, i*u + 0*u - k - 48 = 0. What is the highest common factor of u and 40?
5
Suppose -d + 211 = 5*x, 5196*d - x = 5198*d - 422. What is the highest common factor of d and 14981?
211
Let z(r) = -53*r + 45. Let a be z(-4). Let c = a + -114. Calculate the greatest common factor of 11 and c.
11
Suppose 0 = 3*n + 2*x - 4, 2*n + 16 - 17 = -3*x. Calculate the greatest common factor of n and 25.
1
Let g be (520/18)/(210/945). What is the highest common divisor of 270 and g?
10
Let h = -178 - -148. Let c be (-6)/(-15) - -16*(-498)/h. Suppose 4*r + 98 = 250. What is the highest common factor of c and r?
38
Suppose 4 = 4*f - 20. Let y(b) be the first derivative of -5*b**3/3 + 157*b**2/2 - 44*b - 28. Let x be y(31). Calculate the greatest common divisor of x and f.
6
Let n(a) = a**2 + 68*a + 2867. Let f be n(-75). What is the greatest common factor of f and 448?
64
Suppose 3*b = -3*k - 45, -2*k = -b - 3*b - 90. Let z be (4/(-10))/(b/1100). Suppose 2*x - 4*x = -z. Calculate the greatest common divisor of 1 and x.
1
Suppose 36 = p + 4*v, -20*p = -21*p + v + 16. Suppose -3*i + 274 = -4*q, i + 2*i - 3*q - 273 = 0. Calculate the greatest common divisor of i and p.
10
Let u be (-1 + 10/6)/((-2)/(-18)). Suppose 0 = -4*a + a + u. Suppose 0 = l + a*w - 158, 3*l - 3*w + 28 - 484 = 0. What is the highest common factor of l and 22?
22
Suppose -4324 + 2999 = -25*x. What is the highest common divisor of x and 5141?
53
Let t(s) be the third derivative of 0*s + 11*s**3 - 11*s**2 - 1/8*s**4 + 0. Let x be t(0). Calculate the highest common factor of x and 22.
22
Suppose -3*v - 3*u = -51525, -40*u + 35*u - 85945 = -5*v. What is the highest common divisor of 284 and v?
142
Let a(k) = -137*k - 393. Let l be a(-9). What is the greatest common factor of l and 252?
84
Let t be -1*(22/(-2) - (-5 - -18)). What is the greatest common factor of 456 and t?
24
Let y = 110 + -48. Let t(i) = 21*i**2 + 50*i - 22. Let f be t(-6). What is the highest common divisor of y and f?
62
Suppose 88 = -4*m - 80. Let w be 7/(m/(-48)) - -640. Calculate the greatest common divisor of 36 and w.
36
Let t(q) = -q**3 + q**2 + 2*q + 294. Let j be t(0). Calculate the greatest common divisor of j and 1995.
21
Suppose 5*d + 4*v = 5712, 5714 = 5*d - 113*v + 116*v. What is the greatest common divisor of d and 156?
52
Let v = -3 + 4. Suppose -112*q + 22015 = -75*q. Let m be q/10 + v/2. What is the greatest common divisor of m and 90?
30
Let k be (-32)/(-3)*(-36)/(-16). Let u(t) = -3*t**2 + 5*t + 2. Let h be u(-2). Let j be (k/h)/((-2)/160). What is the greatest common factor of 16 and j?
16
Suppose -11*s = -4259 - 9953. Suppose s = u + 18*u. Calculate the greatest common factor of u and 272.
68
Suppose 4*s + 5*w = 3588, 0 = 24*s - 21*s + 2*w - 2698. What is the highest common divisor of 22 and s?
22
Let z be (16/(-3))/(6/(-9175 + -5)). Calculate the greatest common divisor of z and 4.
4
Let t(i) = 75 + 98 - i + 19. Let y be t(0). What is the highest common factor of y and 24?
24
Suppose 3*a - 739 = -5*h, -84*h - 233 = -a - 89*h. Calculate the greatest common factor of a and 46.
23
Suppose 8*u - 21 = 19. Suppose -u*g = 0, -3*g + 25 = 5*k - 6*g. Calculate the greatest common factor of 10 and k.
5
Suppose -590*z + 585*z + 477 = -2*o, 3*z - 287 = 2*o. What is the greatest common divisor of z and 1539?
19
Let v(g) = 3*g**2 - 4. Let q be v(-4). Let w be 204/(-30) + 6 + -422*72/(-30). Calculate the highest common divisor of w and q.
44
Suppose 47396 - 36336 = 790*m. Let h = 1 + -1. Suppose 0*p - 2*p + 140 = h. Calculate the greatest common factor of m and p.
14
Suppose -45*n + 10601 = 4121. Calculate the greatest common factor of 936 and n.
72
Suppose -12 = 4*k, k + 0*k = -z - 34. Let m = z + -23. Let d = -34 - m. Calculate the greatest common divisor of d and 160.
20
Let x be 1 + 242/(-132)*12/(-2). Let t be 3/x + 4607/68. What is the greatest common divisor of t and 238?
34
Suppose 2*g + 0*g - 316 = -4*w, 5*w - 155 = -g. Let n be (-2 - -3)/(4/g). Let m = 47 + -17. What is the highest common factor of n and m?
10
Suppose h + 5*k - 93 = -4, -2*k + 154 = 2*h. Suppose r = 3*b - 38, -3*b + 72*r - h*r + 32 = 0. What is the greatest common divisor of 102 and b?
6
Let r(v) = -v**2 - 58*v + 2515. Let j be r(-83). What is the greatest common factor of j and 2?
2
Let k(s) = -19*s**3 - 2*s**2 + 10*s - 6. Let i be k(-3). Calculate the greatest common divisor of 36 and i.
9
Suppose -2135 = k - 8*k. Let m(g) = -7*g**2 - 2*g + 10. Let i be m(-1). Calculate the highest common factor of i and k.
5
Let j(t) = -33 + 3 + 12*t + 3*t - 17 + t**2 + 7. Let o(c) = -c**3 + c**2 + 10. Let v be o(0). Let w be j(v). Calculate the highest common divisor of w and 30.
30
Let c be (-3 - -323) + (-23 - -22). Calculate the highest common divisor of c and 121.
11
Let v(k) = -50*k + 19*k**2 + 21*k - 79 - 13 + 8. Let d be v(-7). Calculate the highest common factor of d and 14.
14
Let l(n) = 5*n**2 - 7*n - 18. Suppose 15 = 4*d - 3*i, 6*d - 5*d - 9 = -i. Let k be l(d). What is the highest common factor of k and 96?
24
Suppose -4*d + 32 = 4*h, 0 = -3*d - 2*h - 0 + 19. Suppose w - 67 = -3*k + 28, -425 = -4*w - d*k. What is the highest common divisor of w and 10?
10
Suppose 3*c + 5*v - 1126 - 1717 = 0, -v - 1891 = -2*c. What is the highest common factor of 176 and c?
22
Suppose -75*x - 748 = -186*x + 94*x. What is the highest common factor of 680 and x?
4
Let l be (-21)/(-28) + -2 + 3915/12. Suppose -127 = 4*o + i - 392, 5*o = 5*i + l. What is the greatest common factor of 18 and o?
6
Let w = 434 - 420. Let d(x) = 3*x - 2. Let a be d(12). Suppose w*y = 12*y + a. What is the highest common factor of 170 and y?
17
Suppose -6*r - 82 + 1468 = 0. Suppose -r = -8*d + 33. Calculate the highest common divisor of d and 33.
33
Let q be (33/44)/(1/4). Suppose -2*p = 10*c - 6*c + 572, q*p = -c - 138. Let u be (c/(-2))/2 + -5 + 1. What is the greatest common factor of 320 and u?
32
Let c = -6221 - -6285. Calculate the greatest common divisor of 448 and c.
64
Let u be 2*-8*(1 - 2). Let d = -157 + 173. Suppose 2*j - d*j + 1792 = 0. What is the greatest common divisor of u and j?
16
Let c(p) = -p**3 + 32*p**2 + 196*p - 139. Let s be c(37). Calculate the highest common divisor of 11524 and s.
268
Let c = 168 + 22. Suppose 3*z - i = 299,